11 + -5))?
4
What is the value of -2 - (6 + (-8 - 1))?
1
1 + (-4 - 0) + (-10 - -17)
4
0 + (-4 - (4 - 3))
-5
Evaluate 5 + (4 - (2 + (-1 - -3))).
5
What is the value of -3 - (1 - 3 - (-13 + 14))?
0
Calculate 2 + 4 + -2 + -5 + -1.
-2
Evaluate 3 + (2 - (-1 + 0)) + -4.
2
Evaluate (2 - (-8 - -4)) + -2.
4
(-2 - -2) + -8 - (-5 - -1)
-4
What is 2 + -7 + 15 - 11?
-1
Calculate (-15 - -12) + (-6 - -11).
2
What is (-8 + 18 - 3) + (2 - 0)?
9
-4 - (-9 - (1 - 9))
-3
Evaluate -4 - (1 - (7 - 0)).
2
Evaluate -1 - (-7 + -6 + 12).
0
Calculate (-11 - -12) + 1 + 0 + 3.
5
Evaluate (-9 - 6) + 8 + (13 - -1).
7
Evaluate 2 + 5 + -36 + 32.
3
What is 0 + 3 + (2 - (4 + -2))?
3
What is the value of (1 - 1) + -21 + 25 - 5?
-1
What is the value of 3 + 3 + -4 + (-4 - -2)?
0
Evaluate -1 - ((-4 - 0) + 2).
1
6 + 2 + 2 + -7
3
9 + (-21 - 2) + 7
-7
Evaluate (-6 - 9) + 18 + 4 + -1.
6
0 - (-2 + 1) - (5 - 6)
2
Calculate 3 + -1 + -9 - (16 - 19).
-4
Calculate -1 + (0 + 4 - (15 - 12)).
0
What is 1 + -5 + 0 + 3 + 0?
-1
What is the value of 8 - 3 - (3 - 4)?
6
Evaluate 4 + -3 + (72 - 67).
6
3 + 3 + (1 - 4)
3
Calculate -2 - (0 + -1 + -3).
2
Evaluate -7 + (3 - -2) + -2 + 8.
4
7 + (0 + 7 - 13)
1
What is the value of -16 + 10 + 1 + 0?
-5
What is 3 + (-5 - (-4 - -2))?
0
What is -8 - (-12 - -4) - (-3 - 1)?
4
What is 0 - (-8 - (-12 - -5))?
1
What is the value of 0 - (4 + -6) - (-1 + 6)?
-3
What is the value of 1 - 2 - (-1 + -4 + -1)?
5
Calculate -37 - -29 - (-1 + -4).
-3
(6 - 4) + -7 - 0
-5
What is (3 - -5) + (0 + -5 - -6)?
9
Calculate 0 + -1 + -7 + 2.
-6
Evaluate 16 - ((5 - -1) + (55 - 54)).
9
Calculate (1 - (4 + 5)) + 3.
-5
Evaluate (-1 - (0 - 1)) + -1 + 2.
1
What is 2 - (-1 + 1 - (8 + -9))?
1
What is the value of 4 + -7 + 9 + -13?
-7
What is the value of 10 - ((-3 - -11) + -2)?
4
Calculate (9 - (4 + 1)) + (-8 - -6).
2
What is -10 + 14 - (3 + 3 + -3)?
1
14 + -17 - (2 + 0)
-5
What is the value of 0 - (-3 + -7 + 4 + 2)?
4
Evaluate -9 - (-4 + 1 + 1).
-7
-3 + 3 + -1 + 1
0
Calculate 11 - (9 - (9 + -4)).
7
6 - 3 - -3 - (-2 - -3)
5
What is the value of -12 - -8 - (2 - 1)?
-5
What is 12 - (7 + -7 - -7)?
5
What is the value of 0 + 0 + (-2 - -2)?
0
Evaluate 11 + -12 + (16 - 10).
5
What is the value of -8 - (4 + -1) - -7?
-4
What is -1 - (-1 - 5) - (12 - 6)?
-1
What is the value of 114 + -118 + 5 + 2?
3
(11 - 9) + 0 + 1 + -4
-1
What is -2 + (4 - (1 - -2)) + 2?
1
Evaluate 20 - 22 - (1 + (0 - 3)).
0
Evaluate 22 - 16 - (10 - 1 - -1).
-4
(0 - 0 - (-25 + 24)) + 2
3
What is the value of 12 - ((-2 - -1) + 2 + 5)?
6
What is the value of -5 + (-5 - (5 + -16))?
1
What is the value of (4 - 3 - 4) + 2 + 3?
2
What is -4 + 2 + -10 + 15?
3
What is 0 + -1 + 3 + -17 + 20?
5
Evaluate -8 - (6 + 12 + -29).
3
What is the value of (5 - -1) + 15 + -14?
7
(-14 - -1) + 8 + (1 - -4)
0
(0 - 1) + (8 - 9)
-2
What is (-8 - (0 + -4) - -2) + -3?
-5
Calculate 20 + (-20 - -10) - 11.
-1
What is (-3 + 14 - -2) + -7?
6
What is (-2 - -6) + -5 + 6 + -7?
-2
4 + -13 + 21 - 4
8
Evaluate -1 + -2 + 7 + (1 - -1).
6
(3 - 1 - 10) + 7
-1
What is (-4 - (1 + -3)) + (-5 - -9)?
2
What is the value of -2 + 2 + 1 + (8 - 8)?
1
Evaluate (-7 - -6) + (-5 - -8).
2
What is 4 - (1 + -6 + 6)?
3
What is 2 + -2 + (-5 - -1)?
-4
What is (-1 - (2 - -2)) + (2 - 1)?
-4
-13 + 7 + 5 + -4
-5
What is 14 + -15 + 6 - (-4 - 0)?
9
What is the value of 1 + (0 - 3) + -1 + 7?
4
7 + (0 - (-5 + (8 - -2)))
2
Evaluate 3 + (2 + 0 - 4) + 4.
5
What is 0 + 2 - (-11 - (-8 - 0))?
5
What is the value of -1 + (-5 - 0) + 5 + 2?
1
What is 8 + (-9 - (-14 + 11))?
2
Calculate 1 + -10 + (7 - -9).
7
Calculate -8 + 13 - ((-1 - 0) + 10).
-4
What is 1 + -4 + -2 + -4 + 5?
-4
What is 2 + 0 + 9 + -1 + -5?
5
What is -1 - (9 + -15) - (6 + -3)?
2
What is the value of 8 - (13 + -17 + 12)?
0
What is the value of 5 - 0 - ((-3 - -3) + 0)?
5
Calculate (0 - 0) + (-11 - -16).
5
What is (-7 - (-1 - 4)) + -2?
-4
What is -12 - 0 - (127 - 141)?
2
What is (8 - 0) + 20 + -19?
9
(-9 - (-6 + 2)) + 9
4
What is (-1 - -1) + (-7 - -4) + 3?
0
Evaluate 2 - (-10 + 5) - 7 - -1.
1
Evaluate -8 + -5 + (20 - 4).
3
Evaluate -1 - -7 - (4 + 1 + -1).
2
What is the value of -3 - (-4 - (8 + -6)) - 10?
-7
What is the value of 1 - (-10 + 1 + 5)?
5
Evaluate (5 - 8 - 5) + 5.
-3
(4 - (-2 + 2)) + -3
1
6 - 3 - -1 - 5
-1
Evaluate -2 - -1 - (6 + -7).
0
-1 + (9 - (2 + 11))
-5
Calculate 2 - (-2 - -9) - (-12 + 8).
-1
Calculate 7 - (-7 + 8 + -4 - -5).
5
What is the value of -1 + 9 - (37 + -27)?
-2
-3 - -1 - (6 - 8 - 1)
1
What is 1 + (-9 - -6 - -3)?
1
Evaluate 16 + -11 + 8 - 4.
9
-46 + 48 - (1 + 2)
-1
Calculate (5 - 8 - 3) + 1 + 0.
-5
Evaluate 3 - (-6 - -3) - 12.
-6
What is 3 + -4 + (8 - 10)?
-3
What is -1 - (-9 + 4 + 0)?
4
Evaluate (5 - 12) + 2 + 8.
3
Calculate -54 - -46 - (-7 + 0).
-1
What is 3 - (13 - 4) - 0?
-6
What is the value of -2 + 0 + 2 - 4?
-4
What is the value of -14 - (7 + (-7 - 11))?
-3
What is 5 + -9 - 0 - -3?
-1
Evaluate (7 - 6) + 2 + -5.
-2
What is the value of 2 + (1 - (0 + 1))?
2
Calculate -6 + 4 + -2 + 4 + -2.
-2
What is the value of -7 + 3 - 0 - (-5 - -1)?
0
Calculate 0 + 5 - -4 - 1 - 4.
4
Evaluate 0 + -3 + 2 - 3.
-4
-1 - ((3 + -2 - 3) + -4)
5
Calculate 7 + ((-1 - -3) + -6 - 1).
2
What is the value of (4 + 1 - (23 + -26)) + -6?
2
-3 + 5 + -2 + 1
1
Calculate 11 - (14 + -1 - 0).
-2
Evaluate -7 + 12 + (-3 - -4).
6
Evaluate 0 + 1 + (-2 + 6 - 1).
4
What is -1 + -4 - ((-19 - -28) + -11)?
-3
What is the value of 0 + -2 - (-5 + (-6 - -13))?
-4
Evaluate 10 + (-1 - (-3 - -7)).
5
4 + -2 - (12 + -13)
3
-7 + 7 + 1 - (6 - 2)
-3
Calculate (1 - -1) + 1 + (0 - -2).
5
What is the value of -16 - -23 - (12 - 1)?
-4
What is the value of 6 - (-9 + 5 - (-4 + -2))?
4
1 + (2 - 4) + 3
2
Calculate -3 - (-2 - (0 - 1 - -3)).
1
Calculate 7 + -4 + (-3 - (1 + -5)).
4
What is the value of (20 - 16) + (2 - 5)?
1
Calculate (-4 - (-11 - -10)) + 0 + 9.
6
-4 + (-6 + 4 - 1 - -3)
-4
Evaluate 0 - (3 + 5 + (-5 - -2)).
-5
What is the value of 1 - (-3 - 5) - (-5 + 7)?
7
Evaluate (5 - 8 - -7) + 0.
4
Evaluate (8 - 3) + -4 + 2.
3
Calculate (6 - (15 - 1)) + 3.
-5
Calculate -4 + 0 + (-1 - -5 - 2).
-2
What is 12 + (-12 - (-5 + -4))?
9
Evaluate -1 + -2 + 2 + 0.
-1
Evaluate (-17 - (0 + -8)) + 2.
-7
Calculate 0 + 1 + -2 + -1 + 2.
0
Evaluate 9 + -5 + (-1 - 0).
3
-3 + 2 + 6 + -4 + -2
-1
What is 5 + -14 + 6 + 0?
-3
(1 - (1 - -4 - 3)) + -2
-3
What is (-2 - -1 - -1) + 9 + -7?
2
Calculate 7 + -4 - (11 - 7).
-1
What is 1 + 3 + 1 + -14 + 7?
-2
Evaluate (2 - 0) + (2 + 5 - 7).
2
Calculate (2 - 2) + 7 + -5.
2
-6 - -3 - (-3 - (-7 + 15))
8
What is the value of 2 + -6 - (2 - 14 - -2)?
6
1 - 1 - 9 - (0 + -4)
-5
Calculate 1 + 0 + (2 - 7 - -5).
1
(11 - 4) + -1 - 11
-5
What is the value of (0 - -6 - 4 - -1) + 1?
4
What is the value of 14 - 18 - (-8 - 1 - -1)?
4
Calculate (-12 - (-5 - -5 - 2)) + 4.
-6
What is 0 + 3 + 11 + -17?
-3
(4 - (5 - 5)) + 2
6
What is -3 - (-3 + -1) - 5 - -1?
-3
Evaluate 1 + -6 + 4 - 0.
-1
7 + -12 - (-1 - (1 + 3))
0
(6 - 0) + -8 + 2 + 2
2
Calculate (-4 - 0) + -1 + (3 - 1).
-3
What is -2 + 11 + -7 + 3?
5
Calculate -4 + (1 - -1) + -14 + 14.
-2
Calculate 4 - (3 - -5 - 3).
-1
What is (-2 - -1) + 6 + 102 + -100?
7
Calculate (0 - -2 - 4) + -3.
-5
Calculate -17 - -14 - (-2 + (-2 - -6)).
-5
Calculate 2 + 1 + 1 + 1.
5
What is the value of 5 + -5 + 1 + 4?
5
(7 - 1 - (-1 - -4)) + 0
3
Evaluate -3 - (-3 + (5 - 5) - -5).
-5
What is the value of 5 + (-14 - (7 + -15) - -3)?
2
What is the value of 0 - (3 + 2 - 5)?
0
(-1 - (2 - 6)) + 0
3
Calculate 2 + (-6 - (1 - 8)) - 0.
3
What is the value of 1 - (-3 + 4) - -1?
1
Evaluate -7 + 7 - -9 - (-10 - -11).
8
What is the value of 18 + -4 + (28 - 32)?
10
0 + 0 + 2 + 0 + 0
2
What is (10 + -10 - (0 - 2)) + -2?
0
What is -6 + 12 + (-2 - 1)?
3
5 + 7 + (-4 - 5)
3
What is 7 - (14 + (-9 - -9))?
-7
What is (3 - (-3 + 9)) + 16 + -12?
1
(17 - 1) + 0 - (295 + -289)
10
What is the value of -1 - (3 + -5 + 3)?
-2
What is the value of -5 + 1 + (-1 - -5) - -5?
5
What is (2 - 1 - -7) + -5 - 8?
-5
Evaluate 15 - 3 - 23 - -1.
-10
What is 8 + -11 + (2 - 1)?
-2
0 + -6 - (-2 - (3 - 4))
-5
What is the value of (-4 + 1 - -1) + -1?
-3
-7 - (-5 - (4 + -7))
-5
Evaluate -5 - (11 - (6 + 5)).
-5
What is 13 + -6 - (3 - -3)?
1
Evaluate 5 - (-2 - (-3 + -2)).
2
(0 - -6) + -1 + -6 + 2
1
What is the value of 1 - 5 - (-26 - -21)?
1
What is (5 - -3) + -13 + 5 - -4?
4
-7 + 1 + -21 + 18
-9
0 - -3 - 